 = -23. Let n be d(k). Let y be ((-168)/(-15))/(n/(-5)). What is the greatest common factor of 8 and y?
8
Suppose v - 1 - 3 = 0, -2*x = 2*v - 20. What is the highest common factor of 4 and x?
2
Let j = 14 - -16. What is the greatest common factor of 20 and j?
10
Let t(u) = 4*u + 1 + 2 - 3 - 2. Let w be t(5). Let k(g) = 18*g. Let m be k(3). What is the highest common divisor of m and w?
18
Suppose 8 = 2*w - 40. Let z(o) = 2*o + 1. Let x be z(1). Suppose 0 = -2*d + x + 21. Calculate the greatest common factor of w and d.
12
Let q(f) = 2*f**2 - 8*f - 5. Let o be q(5). Calculate the greatest common factor of o and 25.
5
Suppose g - 2*g = 3*j - 285, -4*g = -4*j - 1076. What is the highest common divisor of g and 21?
21
Suppose -2*b - 3*b = -75. Suppose 5*r + 0*r = -5*d + 550, 5*d = 25. Calculate the greatest common divisor of b and r.
15
Let m = -40 - -60. Let f = 101 - m. Calculate the highest common factor of f and 27.
27
Suppose 5*c + n = 5*n + 14, 3*n - 5 = -4*c. Suppose 4 = 2*a + t + 2*t, c*a + 4*t = 0. Calculate the greatest common divisor of a and 8.
8
Let j(v) = -17*v**2 + 1. Let p be j(-1). Let z be p*(2/(-2) + -1). Calculate the highest common factor of z and 8.
8
Let u be ((-21)/(-7))/(6/4). Let m be u*(42 + 2 + 0). What is the highest common divisor of m and 11?
11
Let i be 2*(-195)/(-12)*(-8)/(-5). Calculate the highest common factor of i and 572.
52
Let i be 15 - 12 - 5*-1. Calculate the highest common divisor of 88 and i.
8
Suppose -3*n = -3 - 9. Suppose n*w - 35 = -3. What is the highest common factor of 56 and w?
8
Suppose -5*r = -4*y - 15, 0 = 2*r - 5*y + 3 - 9. Let d(z) = 52*z - 4. Let b be d(r). Calculate the greatest common factor of 19 and b.
19
Let z = -76 - -94. What is the highest common factor of z and 24?
6
Let o be (-2)/12 - 4/(-24). Let w be 133/7 - (-2 + o). What is the greatest common divisor of w and 21?
21
Suppose -x + 4 = 2. Suppose 3*s + 66 = 3*k, k + 2*s + x = 9. Calculate the greatest common factor of 136 and k.
17
Suppose 2*d + 4*h - 4 = 0, d - 5*h - 28 = -2*d. Suppose -d = -j + 6. What is the highest common factor of 36 and j?
12
Suppose 0 = 5*z - 144 + 14. Let d = 13 - 0. Calculate the greatest common divisor of d and z.
13
Let p(n) = -n**3 - n**2 + n - 4. Let g be p(-4). Calculate the greatest common factor of g and 100.
20
Let g be (39 + 1)*(-31)/(-2). Suppose 2*h - g = -x - 4*x, 4*x = h + 509. Calculate the greatest common divisor of x and 14.
14
Suppose -f - 12 = -3*k - 3*f, 3*f = -k + 4. Let d = -2 + 6. Suppose -x - 3*x + 10 = g, -3*x + 40 = d*g. Calculate the greatest common factor of g and k.
2
Let t be (-2)/(-6) - (-17)/3. Let q(o) = 13*o - t - 2 - 1. Let w be q(8). What is the greatest common divisor of w and 38?
19
Suppose 5*w - 360 = 80. Calculate the greatest common factor of w and 11.
11
Suppose -3*d + 156 = d. Suppose 9 - d = -3*i. Calculate the highest common factor of 10 and i.
10
Suppose -4*k - 9 = -61. Suppose 4*g + 7*f = 2*f - 559, 5*g + 740 = 2*f. Let i = -42 - g. Calculate the highest common factor of k and i.
13
Let n = 29 - -4. Suppose -4*p - 2*z = -42, p + 0*p + z = 10. What is the greatest common divisor of n and p?
11
Suppose 60 = 2*i - 2*t, -2*t - 159 = -5*i - 0. Calculate the greatest common factor of i and 297.
33
Suppose c + 4*c - 385 = 0. What is the highest common factor of c and 7?
7
Let z be (-39)/(-3) - (2 + -1). Calculate the highest common factor of 18 and z.
6
Suppose 0 = -4*m + m. Let f be 2/(-2) + m + 11. What is the greatest common divisor of 25 and f?
5
Let i = 116 + -81. Suppose -4*l = 3*y - 13, -y + 4 = -2*l - 7. Calculate the highest common factor of y and i.
7
Suppose 4*b = -3*l - 0*l + 17, 0 = 4*b - 4*l - 52. What is the highest common divisor of 64 and b?
8
Suppose -a = 3 - 2, -z + 23 = 5*a. What is the greatest common divisor of z and 28?
28
Suppose 154 = 4*p + g, -p + 36 = -0*g - g. What is the greatest common divisor of p and 95?
19
Let q(c) = c**3 - 5*c**2 + 3*c - 4. Let o be q(5). Let v(h) = h**3 - 25*h**2 - 24*h - 8. Let w be v(26). What is the greatest common factor of o and w?
11
Suppose -u + 0*v + 8 = -2*v, 28 = 5*u - 4*v. Let y(d) = -3*d - 6*d**2 + 3*d**2 + 5 + d**3 + d. Let w be y(u). What is the highest common divisor of 130 and w?
13
Let y(l) = l**2 + l - 1. Let o(u) = -2*u**2 - 18*u - 8. Let z(q) = -o(q) - 3*y(q). Let a be z(11). Calculate the greatest common divisor of 11 and a.
11
Let y be (28/(-10))/((-18)/30)*3. What is the highest common factor of 126 and y?
14
Suppose 5 + 7 = 3*w. Suppose 0 = -2*o + 3*q + 80, -w*o - 3*q = q - 160. What is the highest common divisor of o and 8?
8
Suppose -5*l + 32 = 12. Let m be (-13)/(-2)*l - -1. Suppose -6*k - 9 = -7*k. Calculate the highest common divisor of k and m.
9
Let a(i) = -i**3 - 2*i - 1. Let f be a(-2). Suppose 4 = 5*w - f. What is the greatest common factor of w and 2?
1
Let b = 6 - 3. Suppose p = 3*a + 24, b*a = 4*p - 21 - 3. Let k = 18 + a. What is the highest common factor of 25 and k?
5
Let s = 9 - 5. Let o = 1 + s. Let r = -8 + 18. Calculate the greatest common factor of o and r.
5
Let b be 23 + 1 + -5 + 2. Let w = 9 - 4. Suppose w*t - 23 = 12. Calculate the greatest common factor of b and t.
7
Let l(h) = -h**3 - 4*h**2 + 5. Let q be l(-5). Suppose -v + q = v. Let k(n) = n**3 - n**2 - n. Let c be k(3). What is the highest common divisor of v and c?
15
Suppose -5 - 31 = -4*q. Calculate the greatest common factor of q and 63.
9
Let k(n) = 0*n**2 + 0*n**2 + 2*n**2 + 5 - 6*n**2 - n**3. Let o be k(-4). Calculate the highest common divisor of o and 55.
5
Suppose 2*p - m = -2*p - 15, -2*m + 21 = -5*p. Let r(a) = a**2 + a - 2. Let o be r(p). What is the highest common divisor of o and 44?
4
Let h(j) = 3*j**2 + 2*j - 1. Let f be h(-3). Calculate the greatest common factor of 20 and f.
20
Let s(j) = -3*j**3 - 4*j**2 - 3*j - 4. Suppose 5*c = -4*k - 27, -4*k - 3*c = -6*c + 3. Let n be s(k). What is the greatest common factor of 10 and n?
10
Suppose 4*y = 4*n + 164, -2*y + 5*n - 16 + 89 = 0. What is the greatest common factor of 11 and y?
11
Let l = 10 + -2. Let q(k) = k**3 + 9*k**2. Let s be q(-8). Calculate the highest common factor of l and s.
8
Suppose 5*y - 12 = -7. What is the greatest common factor of 3 and y?
1
Suppose 0 = o + 2 - 24. Suppose 2*a - o = a. Let n = a - 13. What is the greatest common factor of 72 and n?
9
Let p(t) = 2*t + 3. Let r be p(5). Suppose 2*a = -m + 14, m + 5*a - 16 - r = 0. Suppose 5*w - m*w - 64 = 0. What is the greatest common divisor of w and 8?
8
Let q(g) = g**2 + 8*g + 7. Let s be q(-6). Let l be 44/10 - 3/s. Suppose 0 = -3*f - r + 2, 2*r - r = 5*f - 6. Calculate the highest common factor of f and l.
1
Let c(l) = l. Suppose 5*f - 16 = f, -3*q - f = -19. Let r be c(q). Calculate the greatest common factor of r and 20.
5
Let t be (1 - 5)/(4/(-6)). Let h = t - 4. Let c be (51/(-9))/(h/(-6)). What is the greatest common divisor of 51 and c?
17
Let o(y) = 4*y - 8. Let k(t) = t - 1. Let w(b) = -5*k(b) + o(b). Let n be w(-4). Calculate the highest common divisor of n and 3.
1
Suppose -2*m = 3*m - 25. Suppose 2*x - m*w = 17 - 3, -w = 0. Calculate the highest common factor of x and 21.
7
Suppose 2*j = 38 + 38. Suppose -j = m - 3*m. Let g(s) = 3*s**2 + 6*s + 28. Let p be g(-7). Calculate the greatest common divisor of p and m.
19
Suppose 0 = -y - 1. Let b(m) = 3*m**3 - 1 + 5*m**2 - 8*m**3 + 3*m**3 - 4*m**2. Let d be b(y). What is the highest common factor of 20 and d?
2
Suppose 4*a - 3*d - 36 = -a, 2*a + 2*d - 8 = 0. Calculate the greatest common divisor of 24 and a.
6
Let l be 14/7 + (8 - 1). Let n be (-160)/(-9) + 2/9. What is the highest common divisor of n and l?
9
Suppose -15 = 3*u - 6. Let q = 5 + u. Suppose -j + q = -1. What is the greatest common divisor of 3 and j?
3
Let s = 3 + 2. Suppose -2*a = -a - 3. Suppose 10 = 5*v - 5*l - 20, a*v - 12 = -3*l. Calculate the greatest common divisor of v and s.
5
Let k = 0 - 4. Let o be (5/(-2))/(1/k). Calculate the greatest common factor of o and 40.
10
Suppose 3*q + v + 44 = 0, 4*q + v + 31 = -26. Let a = 63 + q. What is the highest common factor of a and 10?
10
Let k(a) = a**3 - 6*a**2 + 3. Let q be k(6). Suppose -9*j + 72 = -6*j. Calculate the greatest common factor of q and j.
3
Suppose -2*v + 2*h = 3*v + 381, -5*h + 15 =